{"id":201760,"date":"2026-02-24T04:03:02","date_gmt":"2026-02-24T03:03:02","guid":{"rendered":"https:\/\/arqresidencial.com\/inmueble\/en-venda-casa-amb-290-00m2-a-centre-o-can-nadal-sant-feliu-de-llobregat\/"},"modified":"2026-04-11T04:11:03","modified_gmt":"2026-04-11T02:11:03","slug":"en-venda-casa-amb-290-00m2-a-centre-o-can-nadal-sant-feliu-de-llobregat","status":"publish","type":"property","link":"https:\/\/arqresidencial.com\/ca\/inmueble\/en-venda-casa-amb-290-00m2-a-centre-o-can-nadal-sant-feliu-de-llobregat\/","title":{"rendered":"En venda Casa amb 290.00m2 a CENTRE O CAN NADAL, Sant Feliu De Llobregat"},"content":{"rendered":"<p>En una de les zones m\u00e9s tranquil\u00b7les i consolidades de Sant Feliu de Llobregat, se situa aquesta propietat \u00fanica, catalogada com a Patrimoni Cultural del municipi, un actiu immobiliari dif\u00edcil de replicar per tipologia, ubicaci\u00f3 i car\u00e0cter.<br \/>\nActualment, Sant Feliu de Llobregat nom\u00e9s compta amb 15 habitatges amb llic\u00e8ncia d&#8217;\u00fas tur\u00edstic. Aquest habitatge, actualment en explotaci\u00f3, \u00e9s un dels pocs habitatges unifamiliars amb gran capacitat, i una bona rendibilitat anual. Actualment els hostes s\u00f3n tant fam\u00edlies com empreses que agraeixen un allotjament c\u00f2mode, ben comunicat i proper a Barcelona.<br \/>\nL&#8217;habitatge destaca per la seva amplitud, lluminositat i excel\u00b7lent distribuci\u00f3, oferint una superf\u00edcie ideal per a fam\u00edlies que busquen espai real, privadesa i vida exterior sense renunciar a la proximitat amb Barcelona.<br \/>\nDisposa de 4 dormitoris i 3 banys complets, incloent una gran suite principal. El sal\u00f3-menjador, ampli i confortable, s&#8217;articula com el nucli de l&#8217;habitatge, amb eixida directa a terrassa i pati privat, espais exteriors molt valorats i escassos en ubicacions c\u00e8ntriques.<br \/>\nLa cuina office, independent i totalment equipada, ofereix una dimensi\u00f3 funcional poc habitual, pensada per a un \u00fas familiar intensiu i per als que prioritzen comoditat i ordre al dia a dia.<br \/>\nA m\u00e9s, l&#8217;habitatge compta amb una edificicaci\u00f3 auxiliar d&#8217;uns 40 m2 a la qual es poden donar diferents usos, estudi, sala de jocs, gimn\u00e0s, etc.<br \/>\nL&#8217;habitatge compta amb:<br \/>\n\u2022 Climatitzaci\u00f3 integral (aire condicionat i calefacci\u00f3)<br \/>\n\u2022 Excel\u00b7lent entrada de llum natural<br \/>\n\u2022 Garatge privat a la mateixa finca, amb capacitat per a dos vehicles i diverses motos.<br \/>\n\u2022 A la planta baixa compta a m\u00e9s amb safareig.<\/p>\n<p>Ubicada al costat del Palau Falguera i els seus jardins, en un entorn immediat amb tots els serveis a peu: mercat municipal, comer\u00e7os, supermercats, restauraci\u00f3 i zones verdes.<br \/>\nA les properes trobem equipaments diversos com la Ciutat Esportiva Joan Gamper o la Fira de Cornell\u00e0.<br \/>\nA nivell de connectivitat, la ubicaci\u00f3 \u00e9s estrat\u00e8gica:<br \/>\n\u2022 Accessos r\u00e0pids a A-2 i B-23<br \/>\n\u2022 Rodalies, Trambaix i autobusos<br \/>\n\u2022 A pocs minuts de l&#8217;aeroport, la fira de Cornell\u00e0  i el centre de Barcelona<br \/>\nUna propietat amb car\u00e0cter, hist\u00f2ria i potencial, ideal com a negoci o habitatge per a qui busca alguna cosa m\u00e9s que un habitatge est\u00e0ndard: una llar amb identitat, en una ubicaci\u00f3 clau de l&#8217;\u00e0rea metropolitana.<br \/>\nConsulti condicions: El preu no inclou impostos ni despeses notarials i registrals. Honoraris d\u2019ag\u00e8ncia inclosos.<br \/>\nNo dubti en contactar amb Arquitectura Residencial per ampliar informaci\u00f3 i agendar una visita.<\/p>\n","protected":false},"excerpt":{"rendered":"<p>Unifamiliar amb llic\u00e8ncia tur\u00edstica al centre de Sant Feliu de Llobrega<\/p>\n","protected":false},"author":2,"featured_media":201761,"parent":0,"menu_order":0,"template":"","property_type":[308],"property_status":[214],"property_feature":[248,241,261,267,250,277,244,275,293,295],"property_label":[917,873],"property_country":[],"property_state":[117],"property_city":[133],"property_area":[1215],"class_list":["post-201760","property","type-property","status-publish","has-post-thumbnail","hentry","property_type-adossada","property_status-en-venda","property_feature-aire-condicionat","property_feature-balco","property_feature-calefaccio","property_feature-cuina-office","property_feature-moblat","property_feature-parquet-ca","property_feature-pati","property_feature-safareig","property_feature-terrassa","property_feature-traster","property_label-inversio","property_label-turistic-ca","property_state-barcelona-ca","property_city-sant-feliu-de-llobregat-ca","property_area-centre-o-can-nadal"],"aioseo_notices":[],"property_meta":{"_wp_page_template":["default"],"fave_currency":["\u20ac"],"fave_currency_info":[""],"fave_property_size":["250.00"],"fave_property_size_prefix":["m\u00b2"],"fave_property_land_postfix":["m\u00b2"],"fave_property_bedrooms":["6"],"fave_property_bathrooms":["3"],"fave_property_garage":["0"],"fave_property_map":["1"],"fave_property_id":["1252557"],"fave_property_year":["2006"],"fave_property_address":["Verge de les Neus, "],"fave_property_zip":["08980"],"fave_property_country":["ES"],"houzez_featured_listing_date":["2026-03-05 18:46:34"],"fave_agent_display_option":["agent_info"],"fave_prop_homeslider":["no"],"fave_energy_class":["E"],"fave_energy_global_index":["109.00 kWh\/m\u00b2 any"],"fave_energy_performance":["21.00kg CO\u2082"],"fave_renewable_energy_global_index":["D"],"floor_plans":["a:0:{}"],"fave_multi_units":["a:0:{}"],"additional_features":["a:0:{}"],"fave_property_agency":["162903"],"fave_property_map_address":[""],"fave_property_location":["41.3789655,2.0419865"],"houzez_geolocation_lat":["41.3789655"],"houzez_geolocation_long":["2.0419865"],"fave_property_map_street_view":["show"],"fave_property_images":["201717","201718","201719","201720","201721","201722","201723","201724","201725","201726"],"_thumbnail_id":["201761"],"fave_agents":["3949"],"_wpml_word_count":["467"],"houzez_total_property_views":["82"],"houzez_views_by_date":["a:46:{s:10:\"02-24-2026\";i:6;s:10:\"02-25-2026\";i:1;s:10:\"02-26-2026\";i:4;s:10:\"02-27-2026\";i:4;s:10:\"02-28-2026\";i:1;s:10:\"03-01-2026\";i:1;s:10:\"03-03-2026\";i:2;s:10:\"03-05-2026\";i:1;s:10:\"03-06-2026\";i:2;s:10:\"03-07-2026\";i:4;s:10:\"03-08-2026\";i:2;s:10:\"03-09-2026\";i:1;s:10:\"03-12-2026\";i:1;s:10:\"03-13-2026\";i:1;s:10:\"03-14-2026\";i:1;s:10:\"03-15-2026\";i:2;s:10:\"03-16-2026\";i:3;s:10:\"03-18-2026\";i:2;s:10:\"03-19-2026\";i:1;s:10:\"03-20-2026\";i:1;s:10:\"03-21-2026\";i:2;s:10:\"03-22-2026\";i:1;s:10:\"03-25-2026\";i:1;s:10:\"03-26-2026\";i:3;s:10:\"03-27-2026\";i:1;s:10:\"03-28-2026\";i:1;s:10:\"03-29-2026\";i:1;s:10:\"03-30-2026\";i:2;s:10:\"03-31-2026\";i:1;s:10:\"04-01-2026\";i:4;s:10:\"04-04-2026\";i:1;s:10:\"04-05-2026\";i:1;s:10:\"04-08-2026\";i:2;s:10:\"04-10-2026\";i:2;s:10:\"04-12-2026\";i:1;s:10:\"04-13-2026\";i:1;s:10:\"04-14-2026\";i:1;s:10:\"04-15-2026\";i:4;s:10:\"04-16-2026\";i:2;s:10:\"04-17-2026\";i:1;s:10:\"04-19-2026\";i:1;s:10:\"04-20-2026\";i:1;s:10:\"04-21-2026\";i:1;s:10:\"04-23-2026\";i:1;s:10:\"04-24-2026\";i:1;s:10:\"04-26-2026\";i:3;}"],"houzez_recently_viewed":["2026-04-26 07:59:24"],"fave_featured":["1"],"fave_single_top_area":["global"],"fave_single_content_area":["global"],"fave_property_price":["970000"],"_elementor_page_assets":["a:0:{}"]},"_links":{"self":[{"href":"https:\/\/arqresidencial.com\/ca\/wp-json\/wp\/v2\/immobles\/201760","targetHints":{"allow":["GET"]}}],"collection":[{"href":"https:\/\/arqresidencial.com\/ca\/wp-json\/wp\/v2\/immobles"}],"about":[{"href":"https:\/\/arqresidencial.com\/ca\/wp-json\/wp\/v2\/types\/property"}],"author":[{"embeddable":true,"href":"https:\/\/arqresidencial.com\/ca\/wp-json\/wp\/v2\/users\/2"}],"version-history":[{"count":0,"href":"https:\/\/arqresidencial.com\/ca\/wp-json\/wp\/v2\/immobles\/201760\/revisions"}],"wp:featuredmedia":[{"embeddable":true,"href":"https:\/\/arqresidencial.com\/ca\/wp-json\/wp\/v2\/media\/201761"}],"wp:attachment":[{"href":"https:\/\/arqresidencial.com\/ca\/wp-json\/wp\/v2\/media?parent=201760"}],"wp:term":[{"taxonomy":"property_type","embeddable":true,"href":"https:\/\/arqresidencial.com\/ca\/wp-json\/wp\/v2\/property_type?post=201760"},{"taxonomy":"property_status","embeddable":true,"href":"https:\/\/arqresidencial.com\/ca\/wp-json\/wp\/v2\/property_status?post=201760"},{"taxonomy":"property_feature","embeddable":true,"href":"https:\/\/arqresidencial.com\/ca\/wp-json\/wp\/v2\/property_feature?post=201760"},{"taxonomy":"property_label","embeddable":true,"href":"https:\/\/arqresidencial.com\/ca\/wp-json\/wp\/v2\/property_label?post=201760"},{"taxonomy":"property_country","embeddable":true,"href":"https:\/\/arqresidencial.com\/ca\/wp-json\/wp\/v2\/property_country?post=201760"},{"taxonomy":"property_state","embeddable":true,"href":"https:\/\/arqresidencial.com\/ca\/wp-json\/wp\/v2\/property_state?post=201760"},{"taxonomy":"property_city","embeddable":true,"href":"https:\/\/arqresidencial.com\/ca\/wp-json\/wp\/v2\/property_city?post=201760"},{"taxonomy":"property_area","embeddable":true,"href":"https:\/\/arqresidencial.com\/ca\/wp-json\/wp\/v2\/property_area?post=201760"}],"curies":[{"name":"wp","href":"https:\/\/api.w.org\/{rel}","templated":true}]}}

<p>En una de les zones més tranquil·les i consolidades de Sant Feliu de Llobregat, se situa aquesta propietat única, catalogada com a Patrimoni Cultural del municipi, un actiu immobiliari difícil de replicar per tipologia, ubicació i caràcter.<br />
Actualment, Sant Feliu de Llobregat només compta amb 15 habitatges amb llicència d&#8217;ús turístic. Aquest habitatge, actualment en explotació, és un dels pocs habitatges unifamiliars amb gran capacitat, i una bona rendibilitat anual. Actualment els hostes són tant famílies com empreses que agraeixen un allotjament còmode, ben comunicat i proper a Barcelona.<br />
L&#8217;habitatge destaca per la seva amplitud, lluminositat i excel·lent distribució, oferint una superfície ideal per a famílies que busquen espai real, privadesa i vida exterior sense renunciar a la proximitat amb Barcelona.<br />
Disposa de 4 dormitoris i 3 banys complets, incloent una gran suite principal. El saló-menjador, ampli i confortable, s&#8217;articula com el nucli de l&#8217;habitatge, amb eixida directa a terrassa i pati privat, espais exteriors molt valorats i escassos en ubicacions cèntriques.<br />
La cuina office, independent i totalment equipada, ofereix una dimensió funcional poc habitual, pensada per a un ús familiar intensiu i per als que prioritzen comoditat i ordre al dia a dia.<br />
A més, l&#8217;habitatge compta amb una edificicació auxiliar d&#8217;uns 40 m2 a la qual es poden donar diferents usos, estudi, sala de jocs, gimnàs, etc.<br />
L&#8217;habitatge compta amb:<br />
• Climatització integral (aire condicionat i calefacció)<br />
• Excel·lent entrada de llum natural<br />
• Garatge privat a la mateixa finca, amb capacitat per a dos vehicles i diverses motos.<br />
• A la planta baixa compta a més amb safareig.</p>
<p>Ubicada al costat del Palau Falguera i els seus jardins, en un entorn immediat amb tots els serveis a peu: mercat municipal, comerços, supermercats, restauració i zones verdes.<br />
A les properes trobem equipaments diversos com la Ciutat Esportiva Joan Gamper o la Fira de Cornellà.<br />
A nivell de connectivitat, la ubicació és estratègica:<br />
• Accessos ràpids a A-2 i B-23<br />
• Rodalies, Trambaix i autobusos<br />
• A pocs minuts de l&#8217;aeroport, la fira de Cornellà  i el centre de Barcelona<br />
Una propietat amb caràcter, història i potencial, ideal com a negoci o habitatge per a qui busca alguna cosa més que un habitatge estàndard: una llar amb identitat, en una ubicació clau de l&#8217;àrea metropolitana.<br />
Consulti condicions: El preu no inclou impostos ni despeses notarials i registrals. Honoraris d’agència inclosos.<br />
No dubti en contactar amb Arquitectura Residencial per ampliar informació i agendar una visita.</p>

<p>Unifamiliar amb llicència turística al centre de Sant Feliu de Llobrega</p>
