{"id":192426,"date":"2025-03-19T04:02:03","date_gmt":"2025-03-19T03:02:03","guid":{"rendered":"https:\/\/arqresidencial.com\/inmueble\/en-venda-parking-amb-12-00m2-a-sant-gervasi-barcelona\/"},"modified":"2026-03-14T04:11:03","modified_gmt":"2026-03-14T03:11:03","slug":"en-venda-parking-amb-12-00m2-a-sant-gervasi-barcelona","status":"publish","type":"property","link":"https:\/\/arqresidencial.com\/ca\/inmueble\/en-venda-parking-amb-12-00m2-a-sant-gervasi-barcelona\/","title":{"rendered":"En venda Parking amb 12.00m2 a SANT GERVASI, Barcelona"},"content":{"rendered":"<p>Disposem d\u00b4una magn\u00edfica pla\u00e7a de p\u00e0rquing per a autom\u00f2bils mitjans o grans. Ubicada estrat\u00e8gicament a un pas del prestigi\u00f3s Passeig Sant Gervasi\/Bonanova, ofereix comoditat i seguretat a cada detall.<br \/>\nL\u00b4edifici disposa d\u00b4ascensor d\u00b4acc\u00e9s al p\u00e0rquing. Porta autom\u00e0tica i vigil\u00e0ncia. La pla\u00e7a est\u00e0 ubicada molt propera a l&#8217;ascensor i \u00e9s de maniobra molt f\u00e0cil.<br \/>\nLes dimensions s\u00f3n llargs, uns 4,50 mi ample entre 2,20 i 2,50 metres <\/p>\n<p>La tranquil\u00b7litat est\u00e0 assegurada amb vigil\u00e0ncia nocturna i personal de seguretat, a m\u00e9s d&#8217;una porta autom\u00e0tica que facilita l&#8217;entrada i la sortida.<br \/>\nSi est\u00e0 buscant una petita inversi\u00f3 no dubti en contactar amb nosaltres.<br \/>\nARQUITECTURA RESIDENCIAL, no cobrem honoraris al comprador. Contacteu amb nosaltres per visitar la pla\u00e7a d&#8217;aparcament.<\/p>\n","protected":false},"excerpt":{"rendered":"<p>A Teodora Lamadrid, 59 al barri de Sant Gervasi!<\/p>\n","protected":false},"author":2,"featured_media":192408,"parent":0,"menu_order":0,"template":"","property_type":[215],"property_status":[214],"property_feature":[281,299],"property_label":[],"property_country":[],"property_state":[117],"property_city":[121],"property_area":[353],"class_list":["post-192426","property","type-property","status-publish","has-post-thumbnail","hentry","property_type-parking-cotxe","property_status-en-venda","property_feature-porta-automatica","property_feature-seguretat-privada-ca","property_state-barcelona-ca","property_city-barcelona-ca","property_area-sant-gervasi-ca"],"aioseo_notices":[],"property_meta":{"_wp_page_template":["default"],"fave_currency":["\u20ac"],"fave_currency_info":[""],"fave_property_size":["12.00"],"fave_property_size_prefix":["m\u00b2"],"fave_property_land_postfix":["m\u00b2"],"fave_property_map":["1"],"fave_property_id":["1223906"],"fave_property_year":["1975"],"fave_property_address":["Teodora Lamadrid, 59"],"fave_property_zip":["08022"],"fave_property_country":["ES"],"fave_featured":["0"],"houzez_featured_listing_date":[""],"fave_agent_display_option":["agent_info"],"fave_prop_homeslider":["no"],"fave_floor_plans_enable":["disable"],"fave_additional_features_enable":["enable"],"fave_multiunit_plans_enable":["disable"],"fave_energy_class":["No aplicable"],"fave_energy_global_index":[" kWh\/m\u00b2 any"],"fave_energy_performance":["kg CO\u2082"],"floor_plans":["a:0:{}"],"fave_multi_units":["a:0:{}"],"additional_features":["a:0:{}"],"fave_property_agency":["162903"],"fave_property_map_address":[""],"fave_property_location":["41.408073,2.1346736"],"houzez_geolocation_lat":["41.408073"],"houzez_geolocation_long":["2.1346736"],"fave_property_map_street_view":["show"],"_thumbnail_id":["192408"],"fave_property_images":["192407","192410","192413","192416","192419","192422"],"_last_translation_edit_mode":["translation-editor"],"houzez_total_property_views":["421"],"houzez_views_by_date":["a:61:{s:10:\"01-23-2026\";i:1;s:10:\"01-25-2026\";i:1;s:10:\"01-26-2026\";i:1;s:10:\"01-27-2026\";i:1;s:10:\"01-28-2026\";i:1;s:10:\"01-30-2026\";i:1;s:10:\"02-04-2026\";i:2;s:10:\"02-05-2026\";i:1;s:10:\"02-06-2026\";i:1;s:10:\"02-10-2026\";i:2;s:10:\"02-12-2026\";i:2;s:10:\"02-13-2026\";i:1;s:10:\"02-14-2026\";i:1;s:10:\"02-15-2026\";i:1;s:10:\"02-18-2026\";i:1;s:10:\"02-20-2026\";i:3;s:10:\"02-21-2026\";i:1;s:10:\"02-22-2026\";i:2;s:10:\"02-23-2026\";i:1;s:10:\"02-25-2026\";i:1;s:10:\"02-26-2026\";i:2;s:10:\"02-28-2026\";i:1;s:10:\"03-03-2026\";i:3;s:10:\"03-04-2026\";i:1;s:10:\"03-06-2026\";i:1;s:10:\"03-09-2026\";i:1;s:10:\"03-11-2026\";i:1;s:10:\"03-12-2026\";i:2;s:10:\"03-15-2026\";i:1;s:10:\"03-16-2026\";i:2;s:10:\"03-17-2026\";i:1;s:10:\"03-18-2026\";i:1;s:10:\"03-21-2026\";i:2;s:10:\"03-24-2026\";i:2;s:10:\"03-25-2026\";i:1;s:10:\"03-26-2026\";i:2;s:10:\"03-27-2026\";i:1;s:10:\"03-28-2026\";i:1;s:10:\"03-29-2026\";i:2;s:10:\"03-31-2026\";i:1;s:10:\"04-01-2026\";i:1;s:10:\"04-02-2026\";i:1;s:10:\"04-03-2026\";i:2;s:10:\"04-04-2026\";i:1;s:10:\"04-06-2026\";i:1;s:10:\"04-07-2026\";i:1;s:10:\"04-08-2026\";i:1;s:10:\"04-10-2026\";i:1;s:10:\"04-12-2026\";i:1;s:10:\"04-14-2026\";i:1;s:10:\"04-15-2026\";i:1;s:10:\"04-16-2026\";i:1;s:10:\"04-17-2026\";i:3;s:10:\"04-18-2026\";i:1;s:10:\"04-19-2026\";i:1;s:10:\"04-20-2026\";i:1;s:10:\"04-22-2026\";i:1;s:10:\"04-25-2026\";i:2;s:10:\"04-27-2026\";i:1;s:10:\"04-28-2026\";i:2;s:10:\"04-30-2026\";i:1;}"],"houzez_recently_viewed":["2026-04-30 13:23:28"],"_wpml_word_count":["150"],"fave_agents":["3949"],"fave_property_price":["19000"],"_elementor_page_assets":["a:0:{}"]},"_links":{"self":[{"href":"https:\/\/arqresidencial.com\/ca\/wp-json\/wp\/v2\/immobles\/192426","targetHints":{"allow":["GET"]}}],"collection":[{"href":"https:\/\/arqresidencial.com\/ca\/wp-json\/wp\/v2\/immobles"}],"about":[{"href":"https:\/\/arqresidencial.com\/ca\/wp-json\/wp\/v2\/types\/property"}],"author":[{"embeddable":true,"href":"https:\/\/arqresidencial.com\/ca\/wp-json\/wp\/v2\/users\/2"}],"version-history":[{"count":0,"href":"https:\/\/arqresidencial.com\/ca\/wp-json\/wp\/v2\/immobles\/192426\/revisions"}],"wp:featuredmedia":[{"embeddable":true,"href":"https:\/\/arqresidencial.com\/ca\/wp-json\/wp\/v2\/media\/192408"}],"wp:attachment":[{"href":"https:\/\/arqresidencial.com\/ca\/wp-json\/wp\/v2\/media?parent=192426"}],"wp:term":[{"taxonomy":"property_type","embeddable":true,"href":"https:\/\/arqresidencial.com\/ca\/wp-json\/wp\/v2\/property_type?post=192426"},{"taxonomy":"property_status","embeddable":true,"href":"https:\/\/arqresidencial.com\/ca\/wp-json\/wp\/v2\/property_status?post=192426"},{"taxonomy":"property_feature","embeddable":true,"href":"https:\/\/arqresidencial.com\/ca\/wp-json\/wp\/v2\/property_feature?post=192426"},{"taxonomy":"property_label","embeddable":true,"href":"https:\/\/arqresidencial.com\/ca\/wp-json\/wp\/v2\/property_label?post=192426"},{"taxonomy":"property_country","embeddable":true,"href":"https:\/\/arqresidencial.com\/ca\/wp-json\/wp\/v2\/property_country?post=192426"},{"taxonomy":"property_state","embeddable":true,"href":"https:\/\/arqresidencial.com\/ca\/wp-json\/wp\/v2\/property_state?post=192426"},{"taxonomy":"property_city","embeddable":true,"href":"https:\/\/arqresidencial.com\/ca\/wp-json\/wp\/v2\/property_city?post=192426"},{"taxonomy":"property_area","embeddable":true,"href":"https:\/\/arqresidencial.com\/ca\/wp-json\/wp\/v2\/property_area?post=192426"}],"curies":[{"name":"wp","href":"https:\/\/api.w.org\/{rel}","templated":true}]}}

<p>Disposem d´una magnífica plaça de pàrquing per a automòbils mitjans o grans. Ubicada estratègicament a un pas del prestigiós Passeig Sant Gervasi/Bonanova, ofereix comoditat i seguretat a cada detall.<br />
L´edifici disposa d´ascensor d´accés al pàrquing. Porta automàtica i vigilància. La plaça està ubicada molt propera a l&#8217;ascensor i és de maniobra molt fàcil.<br />
Les dimensions són llargs, uns 4,50 mi ample entre 2,20 i 2,50 metres </p>
<p>La tranquil·litat està assegurada amb vigilància nocturna i personal de seguretat, a més d&#8217;una porta automàtica que facilita l&#8217;entrada i la sortida.<br />
Si està buscant una petita inversió no dubti en contactar amb nosaltres.<br />
ARQUITECTURA RESIDENCIAL, no cobrem honoraris al comprador. Contacteu amb nosaltres per visitar la plaça d&#8217;aparcament.</p>
